 Suppose 3*n = -2*c + 1647 - 293, 0 = -4*c + o*n + 2708. What is the tens digit of c?
7
Suppose -k + 21623 = 4*a, -51*k + 48*k - 3 = 0. What is the tens digit of a?
0
Let u be (0 - (3 + -2))/((-6)/(-138)). Let s = u + 56. Let d = 46 - s. What is the units digit of d?
3
Let g(t) = -t**3 + 7*t**2 - t + 8. Let p be g(7). Let f = p + 27. Suppose -f*k + 29 = -27*k. What is the tens digit of k?
2
Let s(c) = -1270*c - 230. What is the units digit of s(-6)?
0
What is the units digit of 1155/126 + -9 + 225701/6?
7
Suppose 4*m - 4*a - 931 = 1237, -m - 2*a = -536. What is the hundreds digit of m?
5
Let l = -17 - -18. Let r(j) = -1 + 3 - 2 + l + 51*j. What is the units digit of r(1)?
2
Let i(q) = 39*q**3 + 18*q**2 - 53*q + 32. What is the ten thousands digit of i(11)?
5
Suppose -7*l + 159 - 96 = 0. Let m(g) be the third derivative of -g**6/120 + 11*g**5/60 + 5*g**4/24 - 4*g**3/3 + 7*g**2. What is the tens digit of m(l)?
9
Suppose -7*n - 10 = -4*n + 5*l, -4*n = 2*l + 4. Suppose -2*p = -2*a - 630, n*p - p + 4*a + 330 = 0. What is the hundreds digit of p?
3
Suppose 3*b + 13 = -53. Let n be 231/b*(-36)/7. Suppose 4*i + n = 534. What is the units digit of i?
0
Suppose 2*h - 1680 = b + 4*b, -3*b - 5*h - 977 = 0. Let u = b - -386. What is the tens digit of u?
5
Suppose -12*u + 5*t = -125136, 20856 = -20*u + 22*u + 5*t. What is the hundreds digit of u?
4
What is the tens digit of (((-18280)/(-60))/(-2))/(1/(-27))?
1
Let d = -4387 - -13491. What is the hundreds digit of d?
1
Let x(o) be the first derivative of o**5/5 + o**4/4 + 28*o**3/3 + 27. Let h(p) be the third derivative of x(p). What is the tens digit of h(6)?
5
Let g = 46 - 38. Suppose -g*y + y = -1330. Suppose 4*q = 2*z - y, -q + 1 = -2. What is the units digit of z?
1
Let h = 240 - 236. Suppose -4*y = h*y - 8. What is the units digit of y?
1
Let k be (-12)/(-8) - 3/(-2). Let a be (-4 - 2*-50) + k. Suppose -6*c - a = -7*c. What is the tens digit of c?
9
Suppose 5*w + 234716 = 3*y, 83636 = y - w + 5400. What is the thousands digit of y?
8
Let c(z) = 30 - 47 + 9*z + 4*z + 213*z**2 + 6*z - 212*z**2. Suppose 5 + 58 = -3*u. What is the units digit of c(u)?
5
Suppose -2*w - 4*h + 85018 = 0, -965*h + 962*h = -3*w + 127554. What is the tens digit of w?
1
Suppose i + 2332 = -3*q + 6989, 0 = -4*i + 4. Let x = 274 + q. What is the tens digit of x?
2
Suppose 2*n + 1892 = 4*v, -4*v + 6*v - 2*n = 942. Let l = -466 + v. What is the units digit of l?
9
Let t(z) = -z**2 + 3*z - 12. Let w = -41 + 45. Let s be t(w). What is the tens digit of (-760)/s*6/5?
5
Let o be 88*(-3 + (-10)/(-5)). Let b = 87 + o. What is the units digit of 220/2*b/(-2)?
5
Let m(g) = -9*g**2 + g + 84. Let p be m(10). Let x = 1222 + p. What is the hundreds digit of x?
4
Let c(w) be the first derivative of w**4/12 - w**3/6 + w**2/2 - w + 5. Let p(t) be the first derivative of c(t). What is the tens digit of p(-6)?
4
Suppose -7092 = -22*m + 10*m. What is the units digit of -4*m/(-60)*5?
7
Let b = -29 + 95. Suppose 0 = b*q - 81*q + 18210. What is the tens digit of q?
1
Suppose 1424 - 7232 = -4*n. What is the tens digit of n?
5
Suppose -2*l - 4*q - 4842 = 0, -103 = -l - 3*q - 2524. Let w = -1051 - l. What is the hundreds digit of w?
3
Let x(p) = 22*p**3 - 36*p**2 + 13*p + 26. What is the units digit of x(8)?
0
Suppose 5*p - 5303 = 3*j, 4*j + 0*j - 1056 = -p. Suppose a - 244 = 5*r, -4*a - 7*r = -6*r - p. What is the hundreds digit of a?
2
Suppose -2*q - g + 393 = 0, 2*g = 2*q + g - 391. What is the hundreds digit of ((-14)/28)/(1/(-2)) + q?
1
What is the units digit of (-4)/((-15050)/(-60264) + 50/(-200))?
6
Suppose 0 = 2*b - p - 17736, 3*p = -4*b + 6*p + 35478. What is the units digit of b?
5
Let t = 26007 - 13536. What is the hundreds digit of t?
4
Let j = 80292 + -25777. What is the thousands digit of j?
4
What is the units digit of -172*(-60)/4 - -14?
4
Suppose 29*o + 550 = 2986. What is the units digit of o?
4
Suppose 2*z + 0*z + 5*c - 19733 = 0, -5*z - 4*c + 49324 = 0. What is the tens digit of z?
6
Let p = 8 - 15. Let u(a) = -12*a + 10 - 4 + 6 - 1. What is the units digit of u(p)?
5
Suppose 3*h + 5*r = 266, 0 = -h - 2*h + 3*r + 282. Suppose 3*g + h + 50 = -5*z, 2*z = -2*g - 60. Let x = z + 111. What is the tens digit of x?
8
Let l(u) = 201*u**2 + u - 1. Let k(m) be the second derivative of -m**3/6 - m**2/2 + 45*m. Let c(s) = 2*k(s) + l(s). What is the units digit of c(-1)?
9
What is the thousands digit of (-18)/(306/(-105961)) + 16?
6
Suppose -2*q - 5*i + 665 = 0, i + 3 = -0. Let b be 4605/(-21) - 10/(-35). Let w = q + b. What is the hundreds digit of w?
1
Suppose l - x - 11 = -l, 3*l + x = 9. Suppose 257 = i + q, -q = -l*i - 6*q + 1033. What is the hundreds digit of i?
2
Let n(i) = -532*i - 2071. Let u be n(-9). Suppose 6*c - 2*c = 3*s + 5, -s + 25 = 4*c. Suppose 18*j = c*j + u. What is the hundreds digit of j?
2
Let x(h) = -20*h**3 + 2*h**2 + 5*h - 19. Let m be x(3). Let j = m - -1183. What is the hundreds digit of j?
6
Suppose 3 = 3*o - 6*o, -4*n = 3*o - 5. Suppose 469 = w - 5*i, -8*w - n*i = -3*w - 2480. What is the hundreds digit of w?
4
Let z(i) = -484*i + 2188. What is the hundreds digit of z(-17)?
4
Let g be (-3)/((-18)/6006) - -1. Suppose 7*k - g = 27. What is the tens digit of k?
4
Let k(v) = -18*v + 93. Let h be k(5). Let g = 6 + -4. Suppose 3*n - 127 = -5*u, -h*u - 5 = -g. What is the units digit of n?
4
Let v(s) = 17*s**2 + 4*s - 11. Let t be v(-15). Suppose -8*k = -t + 634. What is the tens digit of k?
9
Let d(i) = -10*i**2 - 4*i - 1. Suppose 0 = 5*a - 6 - 9. Let l(q) = -10*q**2 - 4*q. Let v(s) = a*d(s) - 4*l(s). What is the units digit of v(2)?
5
Let m(t) = 14117*t + 5903. What is the tens digit of m(2)?
3
Suppose 0 = 327*j - 255*j - 1080936. What is the tens digit of j?
1
Let w = -179 + 149. Let l = w - -118. What is the tens digit of l?
8
Let a(d) = 776*d**2 - 3*d - 4. Let c be a(-2). Suppose -5*n + c = -344. What is the tens digit of n?
9
Let w(n) = 11*n - 1 - 2*n + 16*n. What is the units digit of w(1)?
4
Suppose h + 10 = 5*l, -4*h + 19 = h - 2*l. Suppose 5*n + 2 + 5 = 3*q, -1 = q - h*n. What is the tens digit of 3 - (-17 - -3 - q)?
2
Let r = 73 - 242. Let h = 329 + r. What is the tens digit of h?
6
Let h be (647 - -8)/(10/4). Let a = h - -278. What is the tens digit of a?
4
Suppose -2*n - 36572 - 12209 = -3*j, -3*n - 24 = 0. What is the units digit of j?
5
Let z(b) = -21*b - 23*b - 43 - 50*b + 80*b. Suppose 5*s = -2*y + 8 - 3, 0 = 5*y + 4*s + 30. What is the tens digit of z(y)?
9
Let v = -70 - -75. Let q(x) = -7*x**2 - 4*x**2 + 7*x - 10 + v*x**2 - x**3. What is the units digit of q(-8)?
2
Let y(m) = 129*m - 9. Let p be y(5). Suppose 0 = r + 2*h - h - p, 4*h + 16 = 0. Suppose 168 = -4*f + r. What is the units digit of f?
8
Suppose -2*x + 4*v - 2 = 2, -4*x = -4*v. Suppose 2*i + 1378 = 4*k, 0*k - x*i = k - 337. What is the units digit of k?
3
Suppose 0*k + k - 3*v = -24, 3*v = -3*k - 24. Let g be (k/(-90)*-5)/(2/(-1704)). Suppose 0 = 4*f + 112 - g. What is the units digit of f?
4
Suppose -18*v + 173230 = 32578. What is the thousands digit of v?
7
Let o = 63 - 244. Let l = o - -516. What is the hundreds digit of l?
3
Suppose -6*t - 3 = -7*t. Suppose t*n - 39 = -s - 11, 0 = 5*n + s - 48. Suppose 29*z - n*z = 3553. What is the units digit of z?
7
Suppose -2266556 = 156*p - 10073420. What is the thousands digit of p?
0
Let i(b) = -8*b**2 - 13*b - 4. Let k(p) = -9*p**2 - 13*p - 4. Let c(m) = -3*i(m) + 2*k(m). Suppose -16*q - 6 = -70. What is the hundreds digit of c(q)?
1
What is the hundreds digit of (-14)/(-98) - (-1266204)/84?
0
Suppose -4*i = 5*s - 26, 0*i + 12 = 4*s + i. Let k be 13 - (-9)/9 - 9. Suppose 3*f - k*x = -2*f + 485, -184 = -s*f - 3*x. What is the tens digit of f?
9
Let u(g) = g**2 + 17*g - 2674. What is the units digit of u(143)?
6
Suppose -8*r + 3*r = -14610. What is the units digit of r?
2
Let g = -102 + 112. Let i(y) = -10 + 24*y - g - 22 - 18. What is the units digit of i(6)?
4
Suppose -82560 = -36*t + 62628. What is the tens digit of t?
3
Let s = 47 - -966. Let i = 1742 - s. What is the units digit of i?
9
Let b(k) = k**3 + 71*k**2 - 399*k + 51. What is the hundreds digit of b(-73)?
5
Let u = -1066 + 555. Let d = u - -1189. What is the units digit of d?
8
Let r be (-88)/(-6) - (-9)/27. Suppose -2*k + 29 = 4*z - 7*